 Let g = 333 - c. What is the remainder when g is divided by 25?
22
Suppose -79 = 4*i + 105. Let d = 71 + i. What is the remainder when 47 is divided by d?
22
Let c(i) = -5*i**2 + i - 1. Let d be c(2). Suppose 2*y + 102 = -4*y. Let p = y - d. Calculate the remainder when 4 is divided by p.
0
Let b = 1689 - 1418. What is the remainder when b is divided by 21?
19
Let b(c) = 5*c - 3. Let i be b(2). Let a = i - 11. Let o = a - -13. What is the remainder when 15 is divided by o?
6
Suppose -2*c + 3 = z, 4*c + z - 2 - 5 = 0. Suppose -590 = -23*u - 130. Calculate the remainder when u is divided by (-1)/c*-22 + 0.
9
Let t(j) = -5*j**2 - j**3 - 7*j + 3 + 2*j + j. Calculate the remainder when t(-6) is divided by 16.
15
Calculate the remainder when 4/((-4)/(-25))*27/15 is divided by 7.
3
Suppose -5*f = -6*f - 42. Let a = -11 - f. What is the remainder when a is divided by 18/3 - -2 - 0?
7
Let k = 39 + -30. Suppose 2*a - k = -3*b, -1 = -a - 2*b + 3. Let i = 1 - -14. Calculate the remainder when i is divided by a.
3
Let y(z) = 3*z**2 - 6*z + 2. Suppose 2*j = -j + 18. Let i(c) = 2*c**2 - 2*c - 5. What is the remainder when y(j) is divided by i(4)?
17
Let x(z) = z**3 - 12*z**2 + 11*z + 15. Calculate the remainder when 33 is divided by x(11).
3
Suppose 2*m = -m + 726. Let l = -85 + m. Calculate the remainder when l is divided by 32.
29
Suppose 58*i - 12512 = 12*i. What is the remainder when i is divided by 6?
2
Let t = -6 + 12. Let q(z) = -z**2 + 8*z + 5. Suppose 3*c - 8 = f + 11, -2*f = 5*c - 28. Calculate the remainder when q(t) is divided by c.
5
Let p(h) = 37*h + 3. Let q be p(6). Suppose -5*r - q = -5*l, l = 2*r + 6 + 35. Suppose 0 = 6*d - 26 - 52. What is the remainder when l is divided by d?
10
Suppose -20*h + 177 = -103. What is the remainder when 96 is divided by h?
12
Let f be 18/15*(-2 - -12). Suppose 5*q - f - 18 = 0. What is the remainder when ((-3)/q)/((-1)/110) is divided by 14?
13
Suppose -68 = 5*q - 9*q. Suppose -5*o = 5*i - 164 + 19, -o + 5*i + q = 0. Calculate the remainder when 107 is divided by o.
26
Let d(b) = -2*b**2 + 10*b + 84. Calculate the remainder when 47 is divided by d(9).
11
Suppose 76*f = 80*f - 472. Calculate the remainder when f is divided by 60.
58
Suppose 3*u + 98 = 3*p + u, 4*p = -u + 149. Suppose 5*x + 20 = 0, 0*l + 4*x = -2*l - p. Let t = l - -20. What is the remainder when 38 is divided by t?
8
Suppose -3*h - 36*o + 297 = -33*o, -2*h + 212 = -5*o. What is the remainder when 272 is divided by h?
70
Suppose 11*m - 10 = 6*m. Suppose m*h - 48 = -2*h. Let f = -9 + h. What is the remainder when 6 is divided by f?
0
Let f = 143 - 111. Calculate the remainder when 121 is divided by f.
25
Let i(r) = -r**3 - 17*r**2 - r + 18. Suppose -7*l - 17 = -6*l. Suppose 36 = -2*q + 4*q. What is the remainder when i(l) is divided by q?
17
Suppose 8*p - 1638 + 174 = 0. Calculate the remainder when p is divided by 32.
23
Suppose 70 = 3*l - 8*l. Let x(s) = -2*s - 16. Let q be x(l). Suppose 2*w - 8 - q = 4*m, 5*m + 7 = w. Calculate the remainder when w is divided by 7.
5
Let g(c) = 13*c + 52. What is the remainder when g(9) is divided by 19?
17
Let w(u) = 35*u - 85. What is the remainder when w(16) is divided by 9?
7
Let b(n) = 2*n + 2. Let g(c) = -c**3 - 28*c**2 + 28*c - 23. Calculate the remainder when b(4) is divided by g(-29).
4
Let o = 342 + -170. Calculate the remainder when o is divided by 5*-2*20/(-8).
22
Suppose 5*u - m - 15 = 9, 5*m - 20 = -3*u. Suppose -9 - 9 = -h. What is the remainder when h is divided by u?
3
Suppose 14*v + 153 = 23*v. What is the remainder when 151 is divided by v?
15
Let v = 69 - 70. Let m(w) = 12*w + 3. Calculate the remainder when m(3) is divided by (v/2)/(((-7)/196)/1).
11
Suppose 5*p = -4*w + 52, -1 = -w - 4*p + 1. Calculate the remainder when w is divided by ((-6)/(-5))/(87/290).
2
Suppose 0 = -28*v + 24*v + 56. Calculate the remainder when 1062 is divided by v.
12
Let c(q) = 7 + 4*q**2 + 6*q - 1 - 3*q**2. Let z = -2 + 8. What is the remainder when c(z) is divided by 27?
24
Let m = 1 - 1. Let x be (2 - 1)/((42/330)/7). Suppose 2*n + k + 0 - x = 0, -3*n + 3*k + 96 = m. What is the remainder when n is divided by 10?
9
Let z(k) = k**3 + 7*k**2 - 2*k - 12. Let t be z(-7). Suppose 0 = -3*g + 2*j + 53, t*g - 7 - 25 = 3*j. What is the remainder when 53 is divided by g?
15
Let d = 1636 - 1577. What is the remainder when d is divided by 30?
29
Suppose 3*a = 6*a + 99. Let n = a - -32. Let g(u) = -49*u**3 + 2*u**2 + 3*u + 2. What is the remainder when g(n) is divided by 13?
11
Let u = 35 - 14. Let f = 44 - u. Calculate the remainder when 89 is divided by f.
20
Suppose 4*d + 4*b = -24, -b = -2*d - 2*d - 39. Calculate the remainder when 101 is divided by ((-134 + 8)/d)/(2/5).
31
Suppose -2*i + 10 = 0, -3*i - 132 = -4*f + i. Let s = -14 + f. What is the remainder when 69 is divided by s?
21
Suppose 5*r = 0, -20*p - 922 = -22*p + r. What is the remainder when p is divided by 33?
32
Let y(f) be the third derivative of -f**4/24 + 13*f**3/6 - 5*f**2. Let r = -5 + 8. Calculate the remainder when y(9) is divided by r.
1
Suppose 4*a = 7*a - v - 202, 137 = 2*a - 3*v. Let i be (-3)/9*-3 + 1. What is the remainder when a is divided by 1 + (30/2 - i)?
11
Let r = -1357 + 1399. Calculate the remainder when r is divided by 23.
19
Let j(d) = -63 + 72*d - 45*d - 36*d. Calculate the remainder when j(-14) is divided by 27.
9
Let b = -7 - -22. What is the remainder when b is divided by 15*(-7)/((-70)/4) + -2?
3
Let h(r) = -r**3 + 17*r**2 + 4*r - 28. Calculate the remainder when 153 is divided by h(17).
33
Let g(x) = -15*x - 24. Let p be g(-8). Let a(n) = -4*n + 1. Let u be a(-1). Suppose u*d - p = -d. Calculate the remainder when d is divided by 5.
1
Suppose 3*r + 0*r - 2*v - 14 = 0, 5*v + 9 = r. Suppose -2*m = -r*m - 24. Calculate the remainder when (-1)/(m/33)*4 is divided by 3.
2
Let s = 172 - 137. Calculate the remainder when 76 is divided by s.
6
Let z(u) = 24*u**2 + 6*u - 2. What is the remainder when z(1) is divided by 9?
1
Let u = -14 - -36. Suppose -17*s = -u*s. Suppose i + 4*a - 27 = s, -5*i - 4*a + 80 = 9. What is the remainder when 30 is divided by i?
8
Suppose 2*t = -n - 11, 4*t + t + 4*n = -23. Let w = t - -9. Suppose w*v - 35 = 127. What is the remainder when v is divided by 21?
18
Let g(v) = 70*v - 5. Let h be g(2). Suppose h = -o + 6*o. Let a = o - -34. Calculate the remainder when a is divided by 21.
19
Suppose 94*s + 40 = 99*s. Calculate the remainder when 59 is divided by s.
3
Let y(l) = 19*l - 49. Calculate the remainder when 76 is divided by y(4).
22
Let r be -4 - (-1 - 4 - -17). Let k(f) = -f**2 - 15*f + 33. What is the remainder when k(r) is divided by 10?
7
Suppose 3*z = -b, -7*z = -2*z + 5. Suppose -n - 31 = -0*g - 3*g, 4*g + b*n - 24 = 0. Let r = -43 - -68. What is the remainder when r is divided by g?
7
Suppose -295 + 925 = 7*k. Calculate the remainder when k is divided by 26.
12
Let f(z) = 10*z**2 - 3*z - 2. Let r(g) = 2*g**2 + 19*g + 8. Let t be r(-9). Calculate the remainder when 52 is divided by f(t).
8
Suppose 3*q = 28 - 13. What is the remainder when 23 is divided by q?
3
Let j be 12/(-21)*63/(-18). Let m(l) = -17 + 4*l**2 + 95 + 2*l**2 - 5*l**j. Calculate the remainder when m(0) is divided by 27.
24
What is the remainder when 384/(-168)*3/((-6)/7) is divided by 5?
3
Let k = 802 + -481. Calculate the remainder when k is divided by 13.
9
Suppose -3*j - 7 = 5*l - 38, 2*j - 29 = -5*l. Suppose 34 = -j*m + 4*m. Calculate the remainder when m is divided by 6.
5
Suppose -4*h + 18 = -10. Let c = 1249 - 1236. Calculate the remainder when c is divided by h.
6
Let l(c) = 7*c + 15. Calculate the remainder when l(10) is divided by 10.
5
Let a = -637 + 646. Calculate the remainder when 32 is divided by a.
5
Suppose 3841*m - 203 = 3840*m. Calculate the remainder when m is divided by 12.
11
Suppose 2*h = 4*t - 126, -2*h - 2*t = -34 + 154. Suppose 3*b = c - 0*c + 90, 5*b - 460 = 5*c. Let z = h - c. Calculate the remainder when z is divided by 11.
10
Let y = -733 - -891. What is the remainder when y is divided by 9/(((-1)/(-3))/1)?
23
Suppose 3*s - k - 63 = 69, 0 = -3*k + 9. What is the remainder when 178 is divided by s?
43
Let y = -1476 + 1567. What is the remainder when y is divided by 32?
27
Suppose 0 = 4*l - j + 4*